mmon factor of 414 and 46?
46
Calculate the greatest common factor of 132 and 1782.
66
What is the highest common factor of 945 and 175?
35
What is the highest common divisor of 822 and 6?
6
Calculate the greatest common factor of 247 and 4199.
247
What is the highest common divisor of 12 and 978?
6
What is the greatest common divisor of 370 and 20?
10
What is the greatest common divisor of 270 and 174420?
270
Calculate the greatest common factor of 108 and 564.
12
Calculate the highest common divisor of 9078 and 1335.
267
Calculate the highest common divisor of 1175 and 141.
47
Calculate the greatest common factor of 60 and 2580.
60
Calculate the highest common divisor of 168 and 48.
24
What is the greatest common divisor of 1356 and 21470?
226
Calculate the highest common divisor of 6 and 174.
6
What is the greatest common divisor of 12 and 174?
6
Calculate the highest common factor of 14 and 308.
14
Calculate the greatest common factor of 800 and 1100.
100
Calculate the greatest common divisor of 5258 and 176.
22
Calculate the highest common factor of 144 and 27.
9
What is the greatest common divisor of 300 and 60?
60
What is the highest common factor of 30 and 460?
10
Calculate the highest common divisor of 2682 and 1192.
298
Calculate the greatest common divisor of 16 and 1672.
8
Calculate the highest common factor of 1938 and 306.
102
What is the greatest common factor of 10356 and 12?
12
What is the highest common factor of 80 and 192?
16
Calculate the highest common divisor of 16 and 376.
8
Calculate the highest common factor of 20 and 130.
10
What is the highest common factor of 2563 and 220?
11
Calculate the highest common factor of 6723 and 83.
83
What is the highest common divisor of 435 and 522?
87
Calculate the greatest common divisor of 1463 and 44.
11
Calculate the highest common factor of 230 and 368.
46
What is the highest common factor of 1198 and 2?
2
What is the greatest common divisor of 46000 and 184?
184
Calculate the highest common divisor of 14415 and 60.
15
What is the highest common divisor of 26 and 10?
2
Calculate the greatest common factor of 575 and 391.
23
What is the greatest common factor of 1166 and 22?
22
Calculate the greatest common divisor of 26 and 741.
13
Calculate the highest common factor of 10 and 365.
5
Calculate the highest common divisor of 105 and 15.
15
What is the highest common divisor of 24 and 264?
24
What is the highest common factor of 665 and 1925?
35
What is the highest common factor of 225 and 400?
25
What is the highest common divisor of 854 and 1342?
122
Calculate the greatest common factor of 348 and 132.
12
What is the highest common factor of 101 and 101?
101
What is the highest common factor of 222 and 42513?
111
Calculate the highest common divisor of 8502 and 104.
26
What is the greatest common divisor of 979 and 534?
89
What is the highest common divisor of 220 and 8030?
110
Calculate the highest common factor of 156 and 130.
26
Calculate the highest common factor of 243 and 3.
3
Calculate the greatest common divisor of 177 and 413.
59
Calculate the highest common factor of 21 and 77.
7
What is the highest common factor of 12325 and 17?
17
Calculate the greatest common divisor of 812 and 224.
28
What is the greatest common divisor of 28 and 3899?
7
What is the highest common factor of 672 and 420?
84
What is the greatest common divisor of 9 and 1134?
9
What is the highest common factor of 949 and 365?
73
Calculate the highest common factor of 675 and 1485.
135
What is the greatest common factor of 68 and 306?
34
Calculate the greatest common factor of 918 and 51.
51
What is the greatest common divisor of 12 and 4?
4
What is the highest common factor of 294 and 25725?
147
Calculate the greatest common divisor of 531 and 59.
59
What is the highest common factor of 147 and 371?
7
What is the greatest common divisor of 1188 and 216?
108
Calculate the highest common divisor of 3813 and 369.
123
Calculate the highest common factor of 473 and 172.
43
Calculate the greatest common divisor of 893 and 235.
47
Calculate the highest common divisor of 16 and 10216.
8
Calculate the greatest common factor of 26 and 1534.
26
What is the highest common factor of 7 and 581?
7
What is the greatest common factor of 80 and 35?
5
What is the greatest common factor of 226 and 7797?
113
Calculate the greatest common factor of 108 and 12.
12
What is the highest common divisor of 1736 and 56?
56
What is the greatest common factor of 24600 and 160?
40
What is the greatest common divisor of 288 and 504?
72
What is the highest common divisor of 153 and 3780?
9
Calculate the highest common factor of 512 and 8.
8
What is the greatest common divisor of 2500 and 1100?
100
Calculate the greatest common divisor of 1557 and 69.
3
What is the greatest common divisor of 6774 and 6?
6
What is the greatest common factor of 2660 and 80?
20
Calculate the highest common divisor of 3640 and 770.
70
Calculate the highest common factor of 57 and 15.
3
What is the highest common divisor of 8 and 428?
4
Calculate the greatest common divisor of 65 and 45.
5
What is the greatest common factor of 18944 and 148?
148
Calculate the highest common divisor of 136 and 1462.
34
What is the greatest common factor of 88 and 484?
44
Calculate the greatest common factor of 336 and 2608.
16
Calculate the highest common factor of 472 and 24.
8
Calculate the highest common factor of 60 and 17295.
15
What is the greatest common divisor of 15 and 2235?
15
What is the greatest common divisor of 27 and 15390?
27
Calculate the highest common factor of 93 and 93372.
93
Calculate the highest common factor of 108 and 36.
36
What is the highest common divisor of 4 and 44?
4
Calculate the greatest common divisor of 40 and 1720.
40
What is the greatest common factor of 1296 and 702?
54
Calculate the greatest common factor of 1023 and 2976.
93
Calculate the greatest common factor of 38 and 323.
19
Calculate the greatest common divisor of 600 and 48.
24
What is the highest common factor of 113 and 1808?
113
What is the greatest common factor of 138 and 18?
6
Calculate the highest common factor of 1060 and 220.
20
What is the highest common factor of 14 and 3794?
14
What is the greatest common factor of 20 and 4?
4
Calculate the highest common factor of 35 and 49.
7
Calculate the greatest common divisor of 70 and 21175.
35
Calculate the greatest common factor of 57 and 1311.
57
What is the highest common divisor of 765 and 630?
45
What is the highest common divisor of 30 and 1290?
30
Calculate the greatest common factor of 1083 and 3.
3
Calculate the greatest common divisor of 456 and 57.
57
Calculate the greatest common divisor of 5 and 160.
5
Calculate the greatest common divisor of 147 and 2499.
147
What is the greatest common divisor of 24 and 4000?
8
What is the greatest common factor of 57 and 133?
19
Calculate the highest common factor of 28 and 868.
28
Calculate the highest common divisor of 6860 and 100.
20
Calculate the greatest common factor of 2427 and 3.
3
What is the greatest common divisor of 8556 and 322?
46
What is the highest common factor of 87 and 6583?
29
What is the greatest common factor of 10 and 670?
10
Calculate the highest common divisor of 2 and 6.
2
Calculate the greatest common divisor of 36849 and 213.
213
Calculate the greatest common divisor of 141 and 6909.
141
What is the greatest common factor of 114 and 95?
19
What is the greatest common divisor of 2150 and 344?
86
What is the highest common factor of 385 and 55?
55
What is the greatest common divisor of 56 and 280?
56
Calculate the greatest common divisor of 1010 and 20.
10
What is the greatest common divisor of 8000 and 125?
125
What is the highest common divisor of 16 and 24784?
16
Calculate the highest common factor of 615 and 15.
15
Calculate the highest common factor of 204 and 108.
12
Calculate the highest common factor of 182 and 1022.
14
What is the greatest common factor of 28557 and 171?
171
Calculate the highest common factor of 15 and 355.
5
Calculate the greatest common divisor of 52 and 169.
13
What is the greatest common factor of 345 and 1633?
23
Calculate the greatest common divisor of 154 and 182.
14
What is the highest common factor of 12001 a